{"id":31,"date":"2023-04-26T15:49:04","date_gmt":"2023-04-26T13:49:04","guid":{"rendered":"https:\/\/faith-blog.org\/Isaiah62fasten\/front_page\/"},"modified":"2024-04-14T02:24:55","modified_gmt":"2024-04-14T00:24:55","slug":"front_page","status":"publish","type":"page","link":"https:\/\/faith-blog.org\/IsraelGebet\/","title":{"rendered":"Anmeldung zum Online Israel Gebet, Sonntag, von 21 &#8211; 22 Uhr"},"content":{"rendered":"<p style=\"text-align: center;\"><span style=\"font-size: large;\"><b>Mach mit beim Online Gebet f\u00fcr Israel<\/b><\/span><b><\/b><\/p>\n<p><i><b> <\/b><b>O Jerusalem, ich will W\u00e4chter auf deine Mauern <\/b><u><b>bestellen, die den ganzen Tag und die ganze Nacht<\/b><\/u> <b>nimmer stillschweigen sollen und die des Herrn gedenken sollen<\/b>,<b> auf da\u00df bei euch kein Schweigen sei 7und ihr von ihm nicht schweiget, bis da\u00df Jerusalem zugerichtet und gesetzt werde zum Lobe auf Erden.<\/b><b> (Jesaja 62, 6-7 LUT1912)<\/b><\/i><\/p>\n<p><strong>Wir beten fast jede Woche Sonntag <\/strong><span style=\"color: #ff0000;\"><strong>online mit Zoom von 21.00 Uhr bis 22 Uhr MEZ.\u00a0<\/strong><\/span><\/p>\n<p align=\"left\"><b>Warum sollte man f\u00fcr Jerusalem und Israel beten?<\/b><\/p>\n<p align=\"left\">Die nationale Umkehr Israels (Apg. 3:19) und das Bekenntnis, dass Jesus der Messias ist (Mt. 23:39), ist eng mit dem zweiten Kommen Jesu, dem Missionsbefehl und dem &#8222;Leben aus den Toten&#8220; f\u00fcr die ganze Erde verbunden (R\u00f6m. 11:15).<\/p>\n<p align=\"left\">Jesus wird erst wiederkommen, wenn die f\u00fchrenden Personen in Jerusalem ihn als Messias anerkennen, wie es in Psalm 118:26 hei\u00dft.<\/p>\n<p align=\"left\"><i><b>37 Jerusalem, Jerusalem, &#8230; 39Denn ich sage euch: Ihr werdet mich von jetzt an nicht sehen, bis ihr sprecht: Gelobt sei, der da kommt im Namen des Herrn! (Psalm 118, 26) Matth\u00e4us 23, 37+39 LUT1912)<\/b><\/i><\/p>\n<p align=\"left\">Petrus verk\u00fcndete, dass der Vater Jesus nicht vom Himmel auf die Erde zur\u00fccksenden w\u00fcrde, bis dass viele im Volk Israel umkehren und sich bekehren w\u00fcrden, und zwar im Zusammenhang mit der von den Propheten angek\u00fcndigten &#8222;Zeit der Wiederherstellung aller Dinge&#8220; (Apostelgeschichte 3:19-21).<\/p>\n<p align=\"left\"><i><b>19 So tut nun Bu\u00dfe und bekehrt euch, damit eure <\/b><\/i>[Israels] <i><b>S\u00fcnden ausgel\u00f6scht werden, damit &#8230; 20 er Jesus Christus sende &#8230; 21 den der Himmel aufnehmen muss<\/b><\/i> [zur Rechten des Vaters bewahren oder festhalten muss] <i><b>bis zu den Zeiten der Wiederherstellung aller Dinge, die Gott durch &#8230; alle seine heiligen Propheten angek\u00fcndigt hat. (Apostelgeschichte 3:19-21)<\/b><\/i><i><b>.<\/b><\/i><\/p>\n<p align=\"left\">Paulus lehrt, dass das Volk Israel &#8222;zur Eifersucht provoziert&#8220; werden w\u00fcrde, damit es eine Beziehung zum Gott Israels haben k\u00f6nnte (R\u00f6m. 11:11).<\/p>\n<p align=\"left\"><i><b>11&#8230;<u>um sie <\/u><\/b><u>[Israel]<\/u><b><u> zur Eifersucht zu reizen<\/u>, ist das Heil zu den Heiden gekommen&#8230;13Ich verherrliche meinen Dienst, 14wenn ich <u>sie <\/u><\/b><u>[Israel]<\/u><b><u> zur Eifersucht reizen <\/u>kann&#8230;15Wenn ihre <\/b>[Israels] <b>Verwerfung die Vers\u00f6hnung der Welt ist, was wird ihre Annahme anderes sein als das <u>Leben aus den Toten <\/u><\/b>[Segen f\u00fcr die ganze Erde]<b>? (R\u00f6m. 11:11-15)<\/b><\/i><\/p>\n<p>Wi beten,<i><b> <\/b><\/i><span style=\"color: #000000;\">dass<\/span> Gottes Verhei\u00dfungen f\u00fcr Israel sichtbar werden.<\/p>\n<p><i><b>14 Du wollest dich &#8230; \u00fcber Zion erbarmen; denn es<u> ist Zeit, <\/u>da\u00df du ihr gn\u00e4dig seist, und die <u>Stunde ist gekommen.<\/u><u> <\/u>19Das <u>werde geschrieben auf die Nachkommen<\/u>; und <u>das Volk, das geschaffen <\/u><u>werden <\/u><u>soll,<\/u> wird den Herrn loben. (Psalm 102, 14 + 19).<\/b><\/i><\/p>\n<p>Wir wollen uns mutig f\u00fcr Gottes Absichten f\u00fcr Israel einsetzen (wie es in der Schrift steht) und Israel beistehen, da der Antisemitismus zunimmt, bis Jesus wiederkommt (Sach. 14:1-5). Dieses Gebet ist auch f\u00fcr die heutige Zeit wichtig, da Israel mit mehreren sehr schwerwiegenden Konflikten konfrontiert ist.<\/p>\n<p align=\"left\"><i><b>14 &#8222;Denn wenn <\/b><\/i><i><b>du<\/b><\/i><i><b> <\/b><\/i><i><b>zu dieser Zeit<\/b><\/i><i><b> <\/b><\/i><i><u><b>schweig<\/b><\/u><\/i><i><u><b>s<\/b><\/u><\/i><i><u><b>t<\/b><\/u><\/i><i><b> <\/b><\/i><i>(nicht reagier<\/i><i>s<\/i><i>t)<\/i><i><b>, <\/b><\/i><i><u><b>wird den Juden von einem anderen Ort her Beistand und Rettung widerfahren<\/b><\/u><\/i><i><b>.<\/b><\/i><i><b> <\/b><\/i><i><b>Wer wei\u00df, ob du nicht <\/b><\/i><i><u><b>zu genau dieser Zeit<\/b><\/u><\/i><i><b> in das K\u00f6nigtum gekommen bist?&#8220;<\/b><\/i><i><b> <\/b><\/i><i><b>15Da <\/b><\/i><i><b>befahl<\/b><\/i><i><b> Esther ihnen, Mardochai zu antworten: 16 &#8222;Geh, versammle alle Juden &#8230;<\/b><\/i><i><u><b> und faste f\u00fcr mich <\/b><\/u><\/i><i><b>&#8230;&#8220; (Esth<\/b><\/i><i><b>er<\/b><\/i><i><b> 4<\/b><\/i><i><b>, <\/b><\/i><i><b>14-16)<\/b><\/i><i><b>.<\/b><\/i><\/p>\n<p align=\"left\">In diesem Gebet betonen wir die Vorherrschaft Jesu und konzentrieren uns auf die Verbindung von Gottes Segen f\u00fcr Jerusalem mit der Erf\u00fcllung des Missionsbefehls. Im &#8222;Geist der Einheit&#8220; von Johannes 17,21-23 k\u00f6nnen wir gemeinsam so viel mehr tun.<\/p>\n<p align=\"left\">Du findest auf dieser Seite einige Ressourcen: Lade das kostenlose digitale Buch <span style=\"color: #ff3333;\"><i><b>The <\/b><\/i><\/span><span style=\"color: #ff3333;\"><i><b>Moravian<\/b><\/i><\/span><span style=\"color: #ff3333;\"><i><b> Miracle<\/b><\/i><\/span> von Jason Hubbard herunter, das die bemerkenswerte Geschichte von Graf Zinzendorf erz\u00e4hlt, der das Gebet rund um die Uhr (das 100 Jahre lang andauerte) mit der ersten protestantischen Missionsbewegung in der Geschichte verband. Du findest dieses PDF-Buch unter <a href=\"https:\/\/isaiah62fast.com\/#resources\" target=\"_blank\" rel=\"noopener\">Isaiah62Fast.com<\/a> oder schau dir deine Geschichte auf YouTube an.<\/p>\n<p><strong>Wir beten fast jede Woche sonntags<\/strong><strong><span style=\"color: #ff0000;\"> mit Zoom von 21.00 Uhr bis 22 Uhr MEZ<\/span>. <\/strong><\/p>\n","protected":false},"excerpt":{"rendered":"<p>Mach mit beim Online Gebet f\u00fcr Israel O Jerusalem, ich will W\u00e4chter auf deine Mauern bestellen, die den ganzen Tag und die ganze Nacht nimmer stillschweigen sollen und die des Herrn gedenken sollen, auf da\u00df bei euch kein Schweigen sei 7und ihr von ihm nicht schweiget, bis da\u00df Jerusalem zugerichtet und gesetzt werde zum Lobe &hellip; <\/p>\n<p class=\"link-more\"><a href=\"https:\/\/faith-blog.org\/IsraelGebet\/\" class=\"more-link\">Mehr <span class=\"screen-reader-text\">\u00fcber &#8222;Anmeldung zum Online Israel Gebet, Sonntag, von 21 &#8211; 22 Uhr&#8220; <\/span>Lesen<\/a><\/p>\n","protected":false},"author":1,"featured_media":28,"parent":0,"menu_order":0,"comment_status":"closed","ping_status":"closed","template":"","meta":[],"_links":{"self":[{"href":"https:\/\/faith-blog.org\/IsraelGebet\/wp-json\/wp\/v2\/pages\/31"}],"collection":[{"href":"https:\/\/faith-blog.org\/IsraelGebet\/wp-json\/wp\/v2\/pages"}],"about":[{"href":"https:\/\/faith-blog.org\/IsraelGebet\/wp-json\/wp\/v2\/types\/page"}],"author":[{"embeddable":true,"href":"https:\/\/faith-blog.org\/IsraelGebet\/wp-json\/wp\/v2\/users\/1"}],"replies":[{"embeddable":true,"href":"https:\/\/faith-blog.org\/IsraelGebet\/wp-json\/wp\/v2\/comments?post=31"}],"version-history":[{"count":29,"href":"https:\/\/faith-blog.org\/IsraelGebet\/wp-json\/wp\/v2\/pages\/31\/revisions"}],"predecessor-version":[{"id":215,"href":"https:\/\/faith-blog.org\/IsraelGebet\/wp-json\/wp\/v2\/pages\/31\/revisions\/215"}],"wp:featuredmedia":[{"embeddable":true,"href":"https:\/\/faith-blog.org\/IsraelGebet\/wp-json\/wp\/v2\/media\/28"}],"wp:attachment":[{"href":"https:\/\/faith-blog.org\/IsraelGebet\/wp-json\/wp\/v2\/media?parent=31"}],"curies":[{"name":"wp","href":"https:\/\/api.w.org\/{rel}","templated":true}]}}